*g - 9. Calculate the remainder when b(-6) is divided by 14.
13
Suppose 11*k - 8*k - 30 = 0. What is the remainder when 65 is divided by k?
5
Let c(f) = 4*f - 1. What is the remainder when c(2) is divided by 4?
3
Let b(v) = -v**2 - 4*v - 4. Let t be b(-3). Let p be t/((-2)/(-2))*13. Let i = p + 26. Calculate the remainder when i is divided by 5.
3
Suppose 3*t + 2*i + 6 - 4 = 0, -3*i + 6 = 0. Let n = t + 3. What is the remainder when (-4 - 2*-1) + 4 is divided by n?
0
Suppose -2*r + r + 1 = 0. Let f be 14/(-4)*-2*r. Let s = 13 - f. What is the remainder when 17 is divided by s?
5
What is the remainder when 117 is divided by (-2)/(-11) - 2628/(-66)?
37
Suppose 4 = -3*k + 5*k. Let p(a) = -a**3 + 7*a**2 - 3*a. Calculate the remainder when p(5) is divided by ((-9)/2)/(k/(-8)).
17
Let n = -27 - -36. What is the remainder when (-10)/(-6)*(2 - -7) is divided by n?
6
Suppose -6*t + 9*t + 3*a = 45, -t + 5*a - 15 = 0. Let g be 1/2 - (-2)/(-4). Suppose 2*b - 39 - 17 = g. Calculate the remainder when b is divided by t.
8
Let l(a) = -a**3 + 5*a**2 - 2*a + 3. Let o be l(4). Let c = o - 7. Calculate the remainder when 15 is divided by c.
3
Let w(v) be the second derivative of -v**3/6 - 3*v**2/2 - v. What is the remainder when w(-5) is divided by 2?
0
Suppose -h + 0*h - m + 23 = 0, -4*h - 2*m = -84. Suppose -60 = f + f - 4*o, -2*f = -3*o + 59. Let n = -18 - f. Calculate the remainder when h is divided by n.
9
Let l(j) = j - 1. Let c be l(2). Let g = 1 - c. Let s(o) = o + 65. What is the remainder when s(g) is divided by 17?
14
Let v(b) = -16*b**3 + 6*b**2 - 6*b - 4. Let g(r) = -r**3 + r**2 - r - 1. Let j(c) = 5*g(c) - v(c). What is the remainder when 27 is divided by j(1)?
7
Suppose 0 = -o - 2*o - 3*z - 6, -12 = 3*z. Suppose 0 = -p - 1 - 4. What is the remainder when (4/p)/(4/(-10)) is divided by o?
0
Let x(m) = -2*m - 16. Suppose -s + u = 26, 3*s + 0*s + 5*u + 78 = 0. Calculate the remainder when (0 + s/(-1))*1 is divided by x(-15).
12
Suppose 3*r - 44 = -2. Let b(f) = f**3 + 3*f**2 - 2. Let x be b(-2). Let u(m) = 11*m**2 - m - 2. What is the remainder when u(x) is divided by r?
12
Let f be (-227)/(-9) + 8/(-36). Suppose w + 5 - f = 0. What is the remainder when 77 is divided by w?
17
Let m(z) = z**2 - 2*z - 6. Calculate the remainder when m(-4) is divided by 2/(-3) + 4/(-12) - -8.
4
Let f be 5*(1 - 61/5). Let t = -29 - f. Suppose -5*l - n = -3*n - 33, 3*l - 3*n = 18. Calculate the remainder when t is divided by l.
6
Suppose 0 = -5*c + 10, 1 = 3*t - c - 9. Calculate the remainder when 6 is divided by t.
2
Suppose 3*b = 5*c - 52 - 123, -2*c + 2*b + 74 = 0. What is the remainder when 93 is divided by c?
29
Let t be 2 + (0 - (-1 - -1)). Suppose 0 = z + 4*u + 18, u = z - t*z - 3. What is the remainder when (1 - (z - 32)) + 1 is divided by 17?
15
Let w(t) = t + 5. Let j be w(-5). What is the remainder when (0 + j + -3)*-1 is divided by 2?
1
Let b(v) = -v**3 - 8*v**2 + 8*v - 6. Let c be b(-9). Suppose -c*j + 58 = -44. Suppose 3*l - 2*l = j. What is the remainder when l is divided by 18?
16
Let w be (-1)/4 - (-34)/8. Suppose 0 = 3*x, -2*g + 4*g + x - 22 = 0. Let l = w + g. Calculate the remainder when 28 is divided by l.
13
Let u be (1*-1)/(1/(-3)). Suppose 0*p - u*p = 0. Suppose k + 0*k - 35 = p. Calculate the remainder when k is divided by 12.
11
Let q(g) = 2*g - 2. Let k be q(2). Let y be (-3)/(-18)*4*36. Suppose -k*v + y = v. What is the remainder when 15 is divided by v?
7
Let n(a) = a**3 + 1. Suppose x + 2*x = 0. Let c be n(x). Suppose u = 19 + c. Calculate the remainder when u is divided by 11.
9
Suppose -b + 2 = c + 4, 0 = 5*b + c - 2. Let h = -22 - -3. Let v = h + 22. What is the remainder when v is divided by b?
0
Let o be (-11)/(-4) - 2/(-8). Suppose -o*s - 5 = 7. Calculate the remainder when 23 is divided by s*(-4)/(0 - -2).
7
Suppose -3*y + 260 = -4*f, 4*y - 348 = -3*f + 7*f. What is the remainder when y is divided by 23?
19
Let u = 6 + -4. Suppose -2*i + 2*q + 32 = 0, 66 = u*i - 5*q + 22. Calculate the remainder when 22 is divided by i.
10
Let r = -20 - -101. Let w(o) = 22*o**2 - o. Calculate the remainder when r is divided by w(1).
18
Suppose -f = 4*q - 103, -5*f - 79 = q - 3*q. Calculate the remainder when q is divided by 15.
12
Let a = -32 + 30. Suppose 4*j - j = -3*m + 66, 38 = 2*j + 4*m. What is the remainder when j is divided by (0 - a)*(-9)/(-2)?
7
Suppose -2*i = i + 24. What is the remainder when -1*(3/3 + i) is divided by 3?
1
Calculate the remainder when (-32)/((8 + -7)/(1 - 2)) is divided by 18.
14
Let d(o) = 5*o - 1. Let n be d(-1). Let v = n + 11. Suppose -72 = -a - 4*p + 2*p, v*p = -a + 75. What is the remainder when a is divided by 24?
22
Suppose -76 = -5*s + 4*j, 18 = 4*s + 2*j - 22. What is the remainder when 59 is divided by s?
11
Let m(q) = -6*q**3 - 2*q**2 + 2*q - 3. Let z be m(2). Let h = -24 + 140. Let l = z + h. Calculate the remainder when l is divided by 16.
13
Let z be ((-3)/(-2))/(-3)*-54. Suppose -3*b = -2*x - 3, 0 = -2*x + 5*b - 10*b - z. Calculate the remainder when 41 is divided by (-82)/x + 1/3.
13
Suppose 0*a + 20 = 5*a. Suppose 16 + 8 = 3*t. Suppose 2*k - 4*s = -9*s + 4, -t = -2*k - 3*s. What is the remainder when k is divided by a?
3
Let d(h) = -6*h**3 - 3*h**2 - 2*h - 3. Calculate the remainder when d(-2) is divided by (-106)/(-8) - 3/12.
11
Suppose 4*x - 10 = -50. Let t = 18 + x. Calculate the remainder when 14 is divided by t.
6
Let t = 88 + -61. Calculate the remainder when t is divided by (16/(-24))/((-4)/42).
6
Let m = 2 - 6. Let a = 14 + m. Suppose -2*v - o + 3 = 0, -2*o = -3*v + 2*o + 32. Calculate the remainder when a is divided by v.
2
Let w(j) = 17*j**2 - 4*j - 1. Let y be w(3). Suppose 10 = d - 3*d, 0 = 5*p - 4*d - y. Suppose 3*k = -k + p. Calculate the remainder when k is divided by 4.
2
Let x(f) = -4*f - 7. Calculate the remainder when 49 is divided by x(-5).
10
Calculate the remainder when 34 is divided by 55/3 - (-2)/3.
15
Suppose 5*r - 4*g = 13 + 10, 0 = 4*g + 8. Suppose -w = 3*w - 28. What is the remainder when w is divided by r?
1
Let z be (-2)/((-3)/(-3)) + 14. Let d = 17 - z. Let p(x) = x**3 + 5*x**2 + 2*x - 4. Calculate the remainder when p(-3) is divided by d.
3
Suppose 0*c - 10 = -3*c - z, 13 = 4*c + z. Calculate the remainder when 7/2*(-1 - -3) is divided by c.
1
Suppose -525 = -4*h + 179. Let y = -118 + h. What is the remainder when y is divided by 10?
8
Let t(c) = -c**2 - 10*c + 9. Let i be t(-8). Suppose -5*n = -i - 30. Calculate the remainder when 32 is divided by n.
10
Let g = -5 + 19. Let j(t) = t**2 - 5*t + 4. Let s be j(4). Suppose 160 = 4*o - q, 3*o + 2*q = -s*q + 120. What is the remainder when o is divided by g?
12
Calculate the remainder when 24 is divided by (0 + 3)/(7/35).
9
Let t be (-20)/(-6)*(-18)/(-4). Suppose 4*l - 11 = 2*c + 7*l, 5*c - t = l. Calculate the remainder when 5 is divided by -2 + 4 + c/2.
2
Let i be (-1 + -2)/(2 - 3). Let h = i + -2. Calculate the remainder when ((-14)/(-4))/7*2 is divided by h.
0
Suppose -8*a + 42 = -5*a. What is the remainder when 25 is divided by a?
11
Let u = -1 - -9. Let c = -4 - -4. Suppose c = 2*y - 4*y + 28. Calculate the remainder when y is divided by u.
6
Let h = -26 + 75. Calculate the remainder when h is divided by 17.
15
Calculate the remainder when 24 is divided by (-477)/(-36) + 1/(-4).
11
Suppose 3*r = 2*r + 37. Suppose -r = -3*b + 5. Calculate the remainder when b is divided by 8.
6
Let k be 5 + (0 - 0/2). Suppose 22 = k*p + 4*r, 3*p - r + 2*r = 9. Suppose 4*b = p*b + 4. What is the remainder when 2 is divided by b?
0
Let t = -33 + 13. Let r = -12 - t. Suppose -h + 45 = 2*h. Calculate the remainder when h is divided by r.
7
Suppose 4*v + 5*v = 747. What is the remainder when v is divided by 7?
6
Suppose -7*i - 72 = -15*i. Calculate the remainder when 24 is divided by i.
6
Let m(f) = -f**2 - 9*f - 6. Let w be m(-8). Suppose 0 = 4*k - 22 - w. What is the remainder when 17 is divided by k?
5
Suppose m = -m + 38. Suppose 4 = -4*d - 12. Let k(j) = j**3 + 6*j**2 + 7*j + 6. Calculate the remainder when m is divided by k(d).
9
Suppose 2*o - 66 = 2*y, 2*o = y + 72 - 10. What is the remainder when o is divided by 19?
10
Suppose 0 = -5*z - 3*k + 9, 3*z = -k - 0 + 7. What is the remainder when (z + (-4)/(-8))*2 is divided by 2?
1
Calcu